hen 57 is divided by 11?
2
What is the remainder when 208 is divided by 94?
20
Calculate the remainder when 50 is divided by 27.
23
Calculate the remainder when 77 is divided by 5.
2
Calculate the remainder when 874 is divided by 119.
41
Calculate the remainder when 81 is divided by 34.
13
Calculate the remainder when 569 is divided by 285.
284
Calculate the remainder when 2698 is divided by 1339.
20
Calculate the remainder when 9 is divided by 8.
1
What is the remainder when 1610 is divided by 106?
20
Calculate the remainder when 90 is divided by 19.
14
Calculate the remainder when 2160 is divided by 19.
13
What is the remainder when 375 is divided by 29?
27
What is the remainder when 241 is divided by 27?
25
What is the remainder when 518 is divided by 10?
8
What is the remainder when 137 is divided by 47?
43
Calculate the remainder when 298 is divided by 15.
13
What is the remainder when 384 is divided by 16?
0
Calculate the remainder when 234 is divided by 71.
21
What is the remainder when 285 is divided by 51?
30
What is the remainder when 1398 is divided by 1389?
9
What is the remainder when 557 is divided by 496?
61
Calculate the remainder when 17 is divided by 12.
5
What is the remainder when 317 is divided by 40?
37
Calculate the remainder when 291 is divided by 15.
6
What is the remainder when 3502 is divided by 48?
46
Calculate the remainder when 354 is divided by 33.
24
What is the remainder when 410 is divided by 190?
30
Calculate the remainder when 207 is divided by 107.
100
Calculate the remainder when 224 is divided by 75.
74
Calculate the remainder when 297 is divided by 30.
27
What is the remainder when 368 is divided by 94?
86
What is the remainder when 685 is divided by 3?
1
What is the remainder when 207 is divided by 37?
22
What is the remainder when 596 is divided by 493?
103
Calculate the remainder when 174 is divided by 52.
18
Calculate the remainder when 1851 is divided by 17.
15
What is the remainder when 124 is divided by 7?
5
Calculate the remainder when 30 is divided by 21.
9
Calculate the remainder when 104 is divided by 9.
5
What is the remainder when 348 is divided by 304?
44
Calculate the remainder when 198 is divided by 67.
64
Calculate the remainder when 5169 is divided by 11.
10
Calculate the remainder when 2193 is divided by 72.
33
What is the remainder when 21241 is divided by 332?
325
Calculate the remainder when 83 is divided by 8.
3
What is the remainder when 1295 is divided by 21?
14
What is the remainder when 933 is divided by 309?
6
Calculate the remainder when 29278 is divided by 366.
364
What is the remainder when 6469 is divided by 83?
78
Calculate the remainder when 160 is divided by 52.
4
What is the remainder when 214 is divided by 113?
101
What is the remainder when 3430 is divided by 686?
0
What is the remainder when 1113 is divided by 28?
21
Calculate the remainder when 4152 is divided by 1384.
0
What is the remainder when 463 is divided by 156?
151
What is the remainder when 167 is divided by 10?
7
Calculate the remainder when 208 is divided by 15.
13
What is the remainder when 54 is divided by 32?
22
What is the remainder when 272 is divided by 91?
90
Calculate the remainder when 1837 is divided by 23.
20
What is the remainder when 20 is divided by 11?
9
Calculate the remainder when 27 is divided by 15.
12
What is the remainder when 764 is divided by 198?
170
Calculate the remainder when 9991 is divided by 4992.
7
What is the remainder when 171 is divided by 13?
2
What is the remainder when 586 is divided by 28?
26
Calculate the remainder when 406 is divided by 224.
182
What is the remainder when 588 is divided by 5?
3
What is the remainder when 1459 is divided by 43?
40
What is the remainder when 266 is divided by 68?
62
Calculate the remainder when 3547 is divided by 53.
49
What is the remainder when 2565 is divided by 185?
160
What is the remainder when 11606 is divided by 45?
41
What is the remainder when 166 is divided by 29?
21
Calculate the remainder when 24658 is divided by 15.
13
Calculate the remainder when 2435 is divided by 1216.
3
Calculate the remainder when 620 is divided by 33.
26
Calculate the remainder when 2972 is divided by 71.
61
What is the remainder when 136 is divided by 14?
10
Calculate the remainder when 741 is divided by 53.
52
Calculate the remainder when 7438 is divided by 24.
22
Calculate the remainder when 26 is divided by 3.
2
Calculate the remainder when 646 is divided by 36.
34
What is the remainder when 6359 is divided by 3173?
13
What is the remainder when 22893 is divided by 318?
315
What is the remainder when 243 is divided by 35?
33
Calculate the remainder when 7151 is divided by 179.
170
Calculate the remainder when 358 is divided by 358.
0
Calculate the remainder when 3417 is divided by 190.
187
Calculate the remainder when 104 is divided by 51.
2
What is the remainder when 307 is divided by 88?
43
What is the remainder when 304 is divided by 62?
56
What is the remainder when 115 is divided by 106?
9
What is the remainder when 5243 is divided by 23?
22
What is the remainder when 122 is divided by 38?
8
Calculate the remainder when 399 is divided by 31.
27
What is the remainder when 663 is divided by 104?
39
Calculate the remainder when 370 is divided by 306.
64
What is the remainder when 82 is divided by 29?
24
What is the remainder when 937 is divided by 47?
44
What is the remainder when 2320 is divided by 23?
20
Calculate the remainder when 54 is divided by 3.
0
Calculate the remainder when 417 is divided by 28.
25
Calculate the remainder when 236 is divided by 122.
114
What is the remainder when 341 is divided by 131?
79
Calculate the remainder when 111 is divided by 19.
16
What is the remainder when 41 is divided by 9?
5
Calculate the remainder when 97 is divided by 94.
3
Calculate the remainder when 1900 is divided by 17.
13
What is the remainder when 995 is divided by 328?
11
Calculate the remainder when 1122 is divided by 25.
22
What is the remainder when 272 is divided by 82?
26
Calculate the remainder when 453 is divided by 294.
159
Calculate the remainder when 24 is divided by 20.
4
What is the remainder when 178 is divided by 81?
16
What is the remainder when 2212 is divided by 25?
12
Calculate the remainder when 452 is divided by 33.
23
Calculate the remainder when 244 is divided by 31.
27
Calculate the remainder when 35 is divided by 33.
2
What is the remainder when 88 is divided by 6?
4
Calculate the remainder when 2320 is divided by 155.
150
What is the remainder when 333 is divided by 28?
25
Calculate the remainder when 2016 is divided by 227.
200
What is the remainder when 1190 is divided by 1180?
10
What is the remainder when 3107 is divided by 1035?
2
What is the remainder when 6185 is divided by 126?
11
Calculate the remainder when 536 is divided by 49.
46
What is the remainder when 1170 is divided by 311?
237
Calculate the remainder when 136 is divided by 23.
21
What is the remainder when 342 is divided by 39?
30
What is the remainder when 297 is divided by 53?
32
What is the remainder when 162 is divided by 43?
33
What is the remainder when 39 is divided by 12?
3
Calculate the remainder when 120 is divided by 9.
3
Calculate the remainder when 218 is divided by 42.
8
What is the remainder when 583 is divided by 254?
75
Calculate the remainder when 95 is divided by 32.
31
Calculate the remainder when 341 is divided by 86.
83
Calculate the remainder when 130 is divided by 25.
5
What is the remainder when 236 is divided by 31?
19
Calculate the remainder when 71 is divided by 22.
5
Calculate the remainder when 1988 is divided by 1982.
6
What is the remainder when 670 is divided by 448?
222
Calculate the remainder when 119 is divided by 61.
58
Calculate the remainder when 39 is divided by 6.
3
What is the remainder when 503 is divided by 239?
25
What is the remainder when 140 is divided by 5?
0
What is the remainder when 1093 is divided by 183?
178
What is the remainder when 491 is divided by 38?
35
What is the remainder when 205 is divided by 85?
35
Calculate the remainder when 1083 is divided by 88.
27
Calculate the remainder when 1918 is divided by 959.
0
What is the remainder when 312 is divided by 25?
12
What is the remain